{"id":237,"date":"2022-02-16T10:18:25","date_gmt":"2022-02-16T16:18:25","guid":{"rendered":"https:\/\/34.135.121.99\/?page_id=237"},"modified":"2025-01-15T12:37:55","modified_gmt":"2025-01-15T18:37:55","slug":"faq","status":"publish","type":"page","link":"https:\/\/wsabrokers.mx\/?page_id=237","title":{"rendered":"FAQ"},"content":{"rendered":"<p>[et_pb_section fb_built=&#8221;1&#8243; admin_label=&#8221;section&#8221; _builder_version=&#8221;4.16&#8243; global_colors_info=&#8221;{}&#8221;][et_pb_row admin_label=&#8221;row&#8221; _builder_version=&#8221;4.16&#8243; background_size=&#8221;initial&#8221; background_position=&#8221;top_left&#8221; background_repeat=&#8221;repeat&#8221; global_colors_info=&#8221;{}&#8221;][et_pb_column type=&#8221;4_4&#8243; _builder_version=&#8221;4.16&#8243; custom_padding=&#8221;|||&#8221; global_colors_info=&#8221;{}&#8221; custom_padding__hover=&#8221;|||&#8221;][et_pb_accordion _builder_version=&#8221;4.17.3&#8243; _module_preset=&#8221;default&#8221; global_colors_info=&#8221;{}&#8221;][et_pb_accordion_item title=&#8221;\u00bfQu\u00e9 hace WSA?  &#8221; open=&#8221;on&#8221; _builder_version=&#8221;4.17.0&#8243; _module_preset=&#8221;default&#8221; global_colors_info=&#8221;{}&#8221;]<\/p>\n<p><span style=\"font-weight: 400;\">Invierte tiempo y recursos para conocer las necesidades de cada uno de sus clientes, estudia y eval\u00faa los aspectos operativos, de mercado y regulatorios para identificar claramente su exposici\u00f3n a riesgos y responsabilidades, a la vez mantiene un monitoreo y evaluaci\u00f3n constante del mercado asegurador y afianzador para identificar productos y comprender la estructura de servicios, as\u00ed como la solidez financiera de las empresas que lo conforman. Lo anterior permite al equipo experimentado de WSA la estructuraci\u00f3n de soluciones integrales que satisfagan las necesidades de sus clientes, a trav\u00e9s de productos de seguros y fianzas, as\u00ed como la integraci\u00f3n de servicios relacionados enfocados a la prevenci\u00f3n y el manejo de riesgos, que afecten su patrimonio y la continuidad a sus actividades; sean profesionales, comerciales, industriales, familiares o personales.<\/span><\/p>\n<p>[\/et_pb_accordion_item][et_pb_accordion_item title=&#8221;\u00bfPor qu\u00e9 contar con un asesor profesional y por qu\u00e9 WSA Brokers cumple con esta funci\u00f3n? &#8221; _builder_version=&#8221;4.17.0&#8243; _module_preset=&#8221;default&#8221; global_colors_info=&#8221;{}&#8221; open=&#8221;off&#8221;]<\/p>\n<p><span style=\"font-weight: 400;\">Si bien hay productos de seguros o fianzas que pueden considerarse como b\u00e1sicos y de uso com\u00fan, las condiciones, cl\u00e1usulas y dem\u00e1s t\u00e9rminos est\u00e1n en constante revisi\u00f3n y cambio por parte de las empresas de seguros y de fianzas, adicionalmente al contratar un seguro o fianza, la ley del contrato de seguro establece que la declaraci\u00f3n de informaci\u00f3n y requerimientos de los bienes y riesgos a cubrir, recae y est\u00e1 bajo la responsabilidad del asegurado. Esto implica la posibilidad en caso de una reclamaci\u00f3n, que la aseguradora o afianzadora audite lo declarado y de encontrar discrepancias o una declaraci\u00f3n err\u00f3nea les permita imponer sanciones e incluso cancelar y liberarse de toda responsabilidad. Es por esto que la participaci\u00f3n de una asesor profesional es de un valor agregado importante en el proceso de contrataci\u00f3n. En WSA adem\u00e1s de contar con personal con m\u00e1s de 25 a\u00f1os de experiencia en promedio, no trabajamos en exclusiva con ninguna empresa aseguradora o afianzadora lo que nos permite de una forma imparcial atender a las necesidades e intereses de nuestros clientes empatando estas al mejor producto disponible.<\/span><\/p>\n<p>[\/et_pb_accordion_item][et_pb_accordion_item title=&#8221;\u00bfPor qu\u00e9 es importante contar con un seguro? &#8221; _builder_version=&#8221;4.17.0&#8243; _module_preset=&#8221;default&#8221; global_colors_info=&#8221;{}&#8221; open=&#8221;off&#8221;]<\/p>\n<p><span style=\"font-weight: 400;\">Uno de sus valores m\u00e1s importantes es brindar una garant\u00eda y el respaldo financiero necesario en caso de p\u00e9rdidas que resulten de un evento inesperado. Todos vamos asumiendo responsabilidades y nos enfrentamos a riesgos cuyo control escapa de nuestras manos, los seguros y fianzas son instrumentos financieros que nos permiten afrontar estos riesgos y responsabilidades y la posibilidad de resguardar nuestro patrimonio. Es por eso que en WSA ofrecemos el acompa\u00f1amiento de una asesor\u00eda constante para tomar la mejor decisi\u00f3n respecto a los productos y los servicios que se decidan contratar.<\/span><\/p>\n<p>[\/et_pb_accordion_item][et_pb_accordion_item title=&#8221;\u00bfCu\u00e1l es el seguro que m\u00e1s me conviene?  &#8221; _builder_version=&#8221;4.17.0&#8243; _module_preset=&#8221;default&#8221; global_colors_info=&#8221;{}&#8221; open=&#8221;off&#8221;]<\/p>\n<p><span style=\"font-weight: 400;\">La contrataci\u00f3n de un seguro y fianza debe considerar las necesidades y actividades que realiza el cliente, sean personales, familiares o empresariales. En WSA invertimos tiempo y recursos para mantener vigente el conocimiento del alcance de productos y servicios que ofrecen aseguradoras y afianzadoras, as\u00ed como la evaluaci\u00f3n de los requerimientos y necesidades de clientes. Todo esto para proporcionar la mejor informaci\u00f3n posible que permita a nuestros clientes tomar la mejor decisi\u00f3n y que los productos y servicios contratados ofrezcan la soluci\u00f3n de necesidades.<\/span><\/p>\n<p>[\/et_pb_accordion_item][et_pb_accordion_item title=&#8221;\u00bfLos seguros son un gasto o una inversi\u00f3n?&#8221; _builder_version=&#8221;4.17.0&#8243; _module_preset=&#8221;default&#8221; global_colors_info=&#8221;{}&#8221; open=&#8221;off&#8221;]<\/p>\n<p><span style=\"font-weight: 400;\">Existen muchas herramientas financieras que nos permiten llevar a cabo nuestros planes y actividades y hacerlo de forma segura. Si bien algunas de estas herramientas financieras permiten realizar nuestros proyectos, los seguros como herramienta financiera adem\u00e1s de brindar protecci\u00f3n, permite que nuestros proyectos perduren en el tiempo proveyendo el financiamiento en caso de eventos inesperados que les afecten. Desde esta \u00f3ptica consideramos que puede ser parte de la inversi\u00f3n que realizamos y en otros casos un gasto operativo relevante que garantiza la continuidad de nuestras actividades.<\/span><\/p>\n<p>[\/et_pb_accordion_item][et_pb_accordion_item title=&#8221;\u00bfQui\u00e9n me acompa\u00f1a en el proceso para hacer uso de mi seguro?&#8221; _builder_version=&#8221;4.17.0&#8243; _module_preset=&#8221;default&#8221; global_colors_info=&#8221;{}&#8221; open=&#8221;off&#8221;]<\/p>\n<p><span style=\"font-weight: 400;\">El primer paso y m\u00e1s relevante es la adecuada estructuraci\u00f3n de la cobertura de seguro o fianza para lo cu\u00e1l como se ha mencionado la participaci\u00f3n de un asesor profesional agrega valor en la toma de decisiones al respecto, de igual forma en WSA, como t\u00fa asesor en seguros, nos comprometemos a acompa\u00f1arte en todas las gestiones para que puedas aprovechar al m\u00e1ximo los beneficios de los productos y servicios contratados.<\/span><\/p>\n<p>[\/et_pb_accordion_item][et_pb_accordion_item title=&#8221;\u00bfPor qu\u00e9 se dice que el seguro es un contrato de buena fe?&#8221; _builder_version=&#8221;4.17.0&#8243; _module_preset=&#8221;default&#8221; global_colors_info=&#8221;{}&#8221; open=&#8221;off&#8221;]<\/p>\n<p><span style=\"font-weight: 400;\">De acuerdo a lo establecido en la \u201cLey del Contrato de Seguro y Fianzas\u201d se establecen las responsabilidades y derechos\u00a0 de los contratantes de seguros y fianzas y de las aseguradoras y afianzadoras. Un aspecto relevante se refiere a la responsabilidad de los contratantes con respecto a la declaraci\u00f3n de las actividades, bienes y riesgos que se pretende asegurar o garant\u00edas que se deben afianzar, por tal motivo, al momento de presentarse una reclamaci\u00f3n la aseguradora\u00a0 se reserva el derecho de verificar todo lo declarado por el asegurado y en caso de controversia, estar\u00e1 en su derecho el rescindir el contrato y deslindarse de toda su responsabilidad. Es por esto que en WSA enfatizamos nuestro compromiso para asesorar a nuestros clientes en la adecuada estructuraci\u00f3n de requerimientos para la compra de un seguro o fianza, pero tambi\u00e9n en el acompa\u00f1amiento en caso de una eventualidad hasta su resoluci\u00f3n final.<\/span><\/p>\n<p>[\/et_pb_accordion_item][et_pb_accordion_item title=&#8221;\u00bfQu\u00e9 es el deducible y qu\u00e9 es el coaseguro?&#8221; _builder_version=&#8221;4.17.0&#8243; _module_preset=&#8221;default&#8221; global_colors_info=&#8221;{}&#8221; open=&#8221;off&#8221;]<\/p>\n<p><span style=\"font-weight: 400;\">Estos conceptos aplican para los productos de seguros y su objetivo es eficientar el costo del mismo. El deducible tiene como objeto que el asegurado absorba los primeros pesos de cobertura de cada p\u00e9rdida ya que se considera que son los m\u00e1s susceptibles de ocurrir y de alta frecuencia, por lo que el cubrirlos representa el costo m\u00e1s elevado de la cobertura del seguro. Otro concepto es el coaseguro que tambi\u00e9n corre a cargo del asegurado, generalmente se define como un porcentaje de participaci\u00f3n del asegurado que aplica sobre el monto de los gastos procedentes en exceso del deducible.<\/span><\/p>\n<p>[\/et_pb_accordion_item][et_pb_accordion_item title=&#8221;\u00bfSe puede evitar tener que pagar deducible y coaseguro?&#8221; _builder_version=&#8221;4.17.0&#8243; _module_preset=&#8221;default&#8221; global_colors_info=&#8221;{}&#8221; open=&#8221;off&#8221;]<\/p>\n<p><span style=\"font-weight: 400;\">Existen planes que en determinadas circunstancias pueden eliminar la aplicaci\u00f3n de deducible y coaseguro, s\u00f3lo hay que considerar, que implica seguramente, un incremento en el costo del seguro contratado, en WSA podemos proponerte alternativas y un plan que se adapte a tus necesidades.<\/span><\/p>\n<p>[\/et_pb_accordion_item][\/et_pb_accordion][\/et_pb_column][\/et_pb_row][\/et_pb_section]<\/p>\n","protected":false},"excerpt":{"rendered":"<p>Invierte tiempo y recursos para conocer las necesidades de cada uno de sus clientes, estudia y eval\u00faa los aspectos operativos, de mercado y regulatorios para identificar claramente su exposici\u00f3n a riesgos y responsabilidades, a la vez mantiene un monitoreo y evaluaci\u00f3n constante del mercado asegurador y afianzador para identificar productos y comprender la estructura de [&hellip;]<\/p>\n","protected":false},"author":1,"featured_media":0,"parent":0,"menu_order":0,"comment_status":"closed","ping_status":"closed","template":"","meta":{"_et_pb_use_builder":"on","_et_pb_old_content":"","_et_gb_content_width":"","footnotes":""},"class_list":["post-237","page","type-page","status-publish","hentry"],"_links":{"self":[{"href":"https:\/\/wsabrokers.mx\/index.php?rest_route=\/wp\/v2\/pages\/237","targetHints":{"allow":["GET"]}}],"collection":[{"href":"https:\/\/wsabrokers.mx\/index.php?rest_route=\/wp\/v2\/pages"}],"about":[{"href":"https:\/\/wsabrokers.mx\/index.php?rest_route=\/wp\/v2\/types\/page"}],"author":[{"embeddable":true,"href":"https:\/\/wsabrokers.mx\/index.php?rest_route=\/wp\/v2\/users\/1"}],"replies":[{"embeddable":true,"href":"https:\/\/wsabrokers.mx\/index.php?rest_route=%2Fwp%2Fv2%2Fcomments&post=237"}],"version-history":[{"count":12,"href":"https:\/\/wsabrokers.mx\/index.php?rest_route=\/wp\/v2\/pages\/237\/revisions"}],"predecessor-version":[{"id":403,"href":"https:\/\/wsabrokers.mx\/index.php?rest_route=\/wp\/v2\/pages\/237\/revisions\/403"}],"wp:attachment":[{"href":"https:\/\/wsabrokers.mx\/index.php?rest_route=%2Fwp%2Fv2%2Fmedia&parent=237"}],"curies":[{"name":"wp","href":"https:\/\/api.w.org\/{rel}","templated":true}]}}